-s + 7026 = c, -4*c - 7*s + 37499 - 9395 = 0. Is c a multiple of 60?
False
Let j(g) be the third derivative of -47*g**4/24 + g**3/2 + 18*g**2 + g. Does 18 divide j(-3)?
True
Let o = -2457 + 2509. Is 49 a factor of o?
False
Is 26 a factor of (61 + 6365/(-134))/(1/((-6552)/(-2)))?
True
Let b = -68 - -71. Suppose 2*k - k - 4*m - 164 = 0, -4*m = -b*k + 452. Let i = k - 74. Is 10 a factor of i?
True
Let p(z) = -2009*z + 585. Does 153 divide p(-9)?
True
Suppose -938*q + 15168 = -946*q. Let n = -1065 - q. Does 23 divide n?
False
Let f(u) = 16*u - 181. Let g be f(11). Does 3 divide 4730/44*(-4)/g?
False
Let i be ((-21162)/(-4))/((-42)/(-28)). Suppose -i = -5*z + 5*u - 307, -4*z + 5*u + 2574 = 0. Is z a multiple of 38?
True
Let b be (-2)/(-6) + (-440)/15. Let h be ((-4)/(-6))/((-1)/(-6)*-2). Does 17 divide h - b*-6*(-4)/8?
True
Let b(p) = 18*p + 7 + 5*p - 21. Is 14 a factor of b(14)?
True
Let q(v) be the second derivative of -v**3/2 + 54*v**2 - 3*v - 6. Does 2 divide q(30)?
True
Let p = 113144 - 64109. Is p a multiple of 74?
False
Let j(o) = 7*o**2 - 31*o + 225. Let l = -432 + 440. Is 23 a factor of j(l)?
False
Suppose 15*h - 98057 = 8188. Suppose -17*i + h = -8*i. Is i a multiple of 73?
False
Suppose 0 = -5*o - 7 - 53. Let h be (2/(-6))/(3 - (-38)/o). Suppose 2*g - 12 = -z, 3*g = -2*z + h + 18. Is z a multiple of 2?
True
Suppose -894 = 12*a - 3474. Let z = 1097 - a. Is z a multiple of 98?
True
Does 7 divide (-1)/(-9) + 4*(-313441)/(-558)?
True
Let v = -117 - -119. Suppose -t + 153 = -3*l, 473 = 3*t + 7*l - v*l. Does 39 divide t?
True
Let l(g) = 14*g**2 + 42*g - 1120. Is 14 a factor of l(25)?
True
Let t(b) = -b**3 + 12*b**2 - 18*b - 14. Let n be t(10). Suppose -27 = n*i - 171. Is 4 a factor of i?
True
Suppose w - f = -0*f + 70, -w = 2*f - 76. Is 34 a factor of (w/(-16) - -3)*1184/(-6)?
False
Suppose -49*b + b - 53*b = -42521. Is 114 a factor of b?
False
Suppose 4*j - 27 = -55. Let v(k) = k**2 + 6*k + 20. Does 27 divide v(j)?
True
Let r be (-1)/((1/482)/(9/(-6))). Suppose -2*i + r = -2*u + 177, -u = -3. Is 12 a factor of i?
True
Does 35 divide ((28010/3)/2)/(40/1800*15)?
False
Let h(x) = 3*x**2 - 6*x - 7. Suppose -p = 2*v + 4, 4*v + 8 = -4. Suppose -8 - 8 = -p*g. Does 20 divide h(g)?
False
Let k(i) = -3*i**3 - i**2 - i + 1. Let q be k(-2). Let c = 27 - q. Is 15 a factor of (4 - c) + 71 - 2?
False
Suppose -16*i + 17*i - 19 = 0. Let h = 23 - i. Suppose -3*j + 3*q = -627, -h*q = 8 - 4. Is 25 a factor of j?
False
Suppose -5*r - 50 + 80 = 0. Suppose -r = -5*f + 9. Is 23 a factor of 155 - 3/(-9)*f?
False
Let q(l) = -l**3 - 56*l**2 - 51*l + 140. Let b be q(-55). Let f = 548 + b. Is f a multiple of 9?
True
Let z be (-3)/(4 - 95/20). Suppose 0*s + s + 23 = 5*f, z*f - s = 19. Suppose -3*u = 2*l - 251, 2*l + f*u - 5*u = 239. Is 11 a factor of l?
True
Let z(c) = -c**3 + 7*c**2 + 2*c + 6. Let m be z(8). Let q = 184 + -90. Let h = q + m. Does 13 divide h?
True
Let k = -11 - -7. Let o(t) = -t**2 + 1. Let g(p) = -p**3 - 4*p**2 + 28. Let b(y) = k*o(y) + g(y). Is b(0) a multiple of 4?
True
Suppose u = o - 3*u + 7, -2*o - u + 13 = 0. Suppose 5*s = o*j - 249 - 111, 3*s = 9. Does 25 divide j?
True
Let n = -87 - -94. Is 67 a factor of ((-6)/8)/(n/(-1876))?
True
Suppose 2*x = 2119 + 5771. Does 5 divide x?
True
Let d(v) = 5*v**2 - 266*v - 107. Is 15 a factor of d(98)?
False
Let u = -62 + 239. Suppose -u = -6*w + 135. Is w a multiple of 15?
False
Suppose s - o + 605 = 0, 145 = 2*s + 4*o + 1349. Let i = s + 1485. Does 73 divide i?
False
Let z(y) = 3*y**3 + 47*y**2 - 44*y + 442. Is z(24) a multiple of 18?
False
Let q be (1*4/(-10))/(24/120). Is q - -80 - 2*(-2)/(-4) a multiple of 5?
False
Let z be 3/((-6)/10) + 4. Is 15 a factor of -4*z/(-4)*-165?
True
Let w = -1301 - -2772. Is 8 a factor of w?
False
Suppose -4*r = 5*d - 640, 3*d + r - 232 = 159. Let b be (d/21 - 6)/((-1)/(-7)). Suppose b*i = 5*i - 333. Is 14 a factor of i?
False
Let a(b) be the third derivative of b**6/120 + 7*b**5/20 + 3*b**4/4 - 5*b**3/3 + 24*b**2. Suppose 4*d = n + 36, d - 2 - 2 = 0. Is a(n) a multiple of 6?
True
Suppose -12 = -121*j + 115*j. Is ((-21)/(-12))/(j/584) a multiple of 27?
False
Is 6974*((-42)/(-14) + -2) a multiple of 22?
True
Let c(f) = 189*f - 12. Let q be c(6). Let u = -786 + q. Is u a multiple of 24?
True
Let a be 48/(-54)*21 + 4/6. Let o = a + 33. Suppose 5*d = -o, -i - 216 = -2*i + 4*d. Is 12 a factor of i?
True
Let m = 313 + 974. Does 11 divide m?
True
Let b be (148/(-6))/(6/(-162)). Suppose -3*l - 3*q + b = 0, 3*l + 2*q - 220 = 2*l. Does 28 divide l?
True
Let b = -86 + 151. Suppose 0 = 10*i - 5*i - b. Let a(o) = -o + 84. Does 13 divide a(i)?
False
Suppose 49*t - 24*t - 50 = 0. Suppose -3*s + 3*l + 171 = 0, -17*s = -20*s + t*l + 171. Does 19 divide s?
True
Let m be 1 + -1 - (-7 + -144). Let b = m + -115. Is 7 a factor of b?
False
Is (431656/(-7))/(-4) + -3 + (-95)/(-35) a multiple of 94?
True
Let z = 154 - -43. Let a = 558 - z. Does 27 divide a?
False
Let g be (7/14)/1*0. Suppose 4*b = -g*b + 1040. Does 52 divide b?
True
Let j(d) = -d**3 - 10*d**2 - 9*d. Let o be j(-9). Suppose -h = y - 192, -5*h = -o*y - 4*y + 777. Is y a multiple of 10?
False
Does 6 divide -3 - -2165*11/55?
False
Suppose -2*g - 4 = 5*p + 2*g, 5*p - g + 24 = 0. Let w(i) = -2*i**3 + 10*i**2 + 31*i + 6. Is 26 a factor of w(p)?
False
Let z = 1732 - -33. Does 15 divide z?
False
Suppose 5*x = 11*x - 12. Let g(d) = 2*d**2 - d - 3. Let s be g(x). Suppose -r - 4*r + 265 = 5*p, s*r - 171 = 3*p. Is 11 a factor of r?
True
Let y(z) = z**3 + 14*z**2 - 11*z + 62. Let g be y(-15). Suppose 53 + 251 = g*f. Is 24 a factor of f?
False
Suppose -5*n + 26 = -3*n. Let t(m) = -4*m**2 + 56*m - 16. Is t(n) a multiple of 12?
True
Let j(y) = 3143*y**2 - 34*y - 82. Does 19 divide j(-2)?
False
Suppose 3*v = 2*c - 12, -4*v - 21 - 23 = -5*c. Let m = c - -56. Let j = m - 38. Does 30 divide j?
True
Suppose -3*d - 247*x + 56045 = -242*x, -18715 = -d + 5*x. Is d a multiple of 30?
True
Let j be ((-11)/(-11))/(1/(-2)). Let c be ((-12)/(-14))/(j/14). Is 25 a factor of ((-702)/c)/((-6)/(-4))?
False
Let d be 8/2 + (-12)/(-6). Let j be (-8)/6*1*(-27)/d. Suppose -j*l = -37 - 401. Is 11 a factor of l?
False
Let p = -75 - -81. Let a = p - 85. Let l = 170 + a. Does 20 divide l?
False
Let i(l) = -2*l**2 - 4*l. Let p be i(4). Let z(j) = -j**3 - 18*j**2 + 3*j + 21. Let y be z(-18). Let f = y - p. Does 4 divide f?
False
Suppose 4*k + 2 = 3*y, -k - 7*y - 6 = -5*y. Is (222/185)/(k/(-335)) a multiple of 3?
True
Suppose 5*d + 77 = 3*p, -2*d - 92 = -3*p - 0*p. Suppose 0 = 5*g - 203 - 397. Let r = g + p. Is 7 a factor of r?
True
Suppose -19*l = -46*l + 11*l + 4880. Does 5 divide l?
True
Does 67 divide (((-4866)/(-8))/(660/(-103840)))/(-2 - 0)?
False
Is 7 a factor of (((-3864)/18)/(-14))/(((-78)/(-3204))/13)?
False
Let o be -5*(28/(-20) + 0). Suppose 4 = -a + 2*a - w, a - o = 2*w. Let n(r) = 42*r - 1. Is 6 a factor of n(a)?
False
Let b = 300 + -284. Suppose -b*c + 399 = -15*c. Is c a multiple of 19?
True
Let f(z) = -238*z + 16. Let u be f(3). Let d = u - -1484. Is 53 a factor of d?
False
Let h(t) = 1198*t**2 - 26*t - 48. Is h(-2) a multiple of 10?
False
Suppose -3*t - 8 = f - 5, -f + 1 = -t. Suppose f = -2*j - 5*d + 107, 2*d = -2*j - 2*d + 106. Does 8 divide j?
False
Suppose m + 12 = 5*m. Suppose 19 = -g + m*k, -k + 2*k = 3*g + 17. Is 22 a factor of (g + 2)*(5 - 25)?
False
Is 1532/(-3 + 1 - -4) a multiple of 15?
False
Suppose 145*q - 52166 = 63155 - 12661. Does 59 divide q?
True
Let z(q) = 429*q**2 - 22*q + 27. Is 34 a factor of z(5)?
True
Suppose -726 = 77*u - 78*u. Let x = u - 42. Does 19 divide x?
True
Suppose -600*z = -612*z + 30960. Does 43 divide z?
True
Let r(m) = m**2 - 2*m - 3. Let q be ((-2)/1)/((3 + -2)/1). Let f be r(q). Does 11 divide 22/(f/(-25)*-2)?
True
Suppose 0 = 11*n - 15*n + 40. Is 5 a factor of n?
True
Suppose 1406 = 16*f - 274. Let r = 393 - f. Does 24 divide r?
True
Let x = 25 - 28. Let n(k) = -9*k + 6. Let b(f) = 17*f - 13. Let s(d) = -6*b(d) - 11*n(d). Is 3 a factor of s(x)?
True
Let v(d) = 2*d**2 + d + 5. Let i be -15 + 18 + (-1 - -5*5). Let w = -22 + i. Is 16 a factor of v(w)?
False
Let t = 191 - 113. Suppose -2*j + 2 + t = 0. Is 5 a factor of j?
True
Let s = 495 + -490. Suppose -s*l = 5*w - 3935, -3*l + 2329 = -3*w - 2*w. Is l a multiple of 27?
